ainder when 21 is divided by y.
5
Suppose 119 + 117 = 4*y. What is the remainder when y is divided by 20?
19
Suppose 2*p - 8 = 6*p, -84 = -2*k + p. What is the remainder when 77 is divided by k?
36
Suppose -1 - 5 = 2*o. What is the remainder when (o/6)/((-2)/28) is divided by 66/15 + (-4)/10?
3
Let v(m) = -5*m - 9*m - 5 - 3 + 1. Calculate the remainder when v(-5) is divided by 16.
15
Let h = 31 + -24. What is the remainder when 60 is divided by h?
4
Suppose x = 4*t - 4, 3*t = -5*x - 0*t + 95. Suppose x = -4*v, v + 11 = 2*j - 19. Let m(l) = l**2 + 2*l. Calculate the remainder when m(-6) is divided by j.
11
Suppose 506 + 358 = 8*o. Calculate the remainder when o is divided by 22.
20
Suppose l + l - 6 = 0. Suppose 2*x + 3*y + 3 = 0, -6*x + 2*x + 39 = -l*y. Suppose -4 + x = n. What is the remainder when 5 is divided by n?
1
Suppose -5*i = -4*s + 25, 4*s - 12 = -i - 41. What is the remainder when 3*((-38)/3)/(-1) is divided by (-231)/(-12) + i/(-12)?
18
Let x = 460 - 443. Calculate the remainder when x is divided by (-56)/(-6) - 2/6.
8
Let j(h) = -7*h**3 + h**2 + 2*h - 3. Let x be 0*3/(-3) + 2. Let c be j(x). Let q = c + 85. What is the remainder when q is divided by 12?
10
Let u(y) be the second derivative of y**5/20 - 3*y**4/4 + 3*y**3/2 - 2*y**2 - 3*y. Calculate the remainder when u(8) is divided by 3.
1
Let w = 105 + -49. What is the remainder when w is divided by 12?
8
Let q = 1 + 6. Suppose -2*h = -h - 3. What is the remainder when q is divided by h?
1
Let d = 218 - 144. Calculate the remainder when d is divided by 38.
36
Suppose -w + 3*w = l + 39, 2*w + 2*l - 42 = 0. Calculate the remainder when 58 is divided by w.
18
Suppose -4*x + m + m = -236, -2*x + 118 = 3*m. Suppose -o - l + 23 = 0, -5*o + 2*l + 100 = 6. What is the remainder when x is divided by o?
19
Let a be (0 + -1)*3/3. Calculate the remainder when (286/33)/(4/6) is divided by (a + -1)*-3 - 1.
3
Suppose -q + 39 = u, -5*u - 3*q + 180 = -q. Calculate the remainder when u is divided by 18.
16
Let o(t) = 2*t + 3. Let s(r) = 3*r + 2. Let j(z) = 7*o(z) - 6*s(z). What is the remainder when j(-9) is divided by 0 - (-14 - ((1 - 1) + -2))?
9
Suppose 0 = n - 2*n + 8. Let z = -1 - -30. Calculate the remainder when z is divided by n.
5
Suppose 0 = 5*b - 4*b - 13. What is the remainder when b is divided by 5?
3
Let q(b) = 519*b**3 - b + 1. Let n be q(1). What is the remainder when 2/(n/171 + -3) is divided by 15?
12
Let g(n) = -7*n - 1. Let m be g(-3). Suppose -m = -5*p + 4*p. What is the remainder when p is divided by 22*(-6)/4*(-31)/93?
9
Suppose -v - 123 = -s - 3*s, -2*v = -10. What is the remainder when 94 is divided by s?
30
Let z(g) = -g. Let t(j) = j**2 - 10. Let q(u) = t(u) - 2*z(u). Calculate the remainder when q(-9) is divided by 2/(-5)*-45*1.
17
Suppose -3*q + 35 = 2*q. Let t be 70/6 + 6/(-9). Let w = -7 + t. What is the remainder when q is divided by w?
3
What is the remainder when 60/(-210) + ((-583)/(-7) - 0) is divided by 23?
14
What is the remainder when 55 is divided by 1 + 4 + 6 + 3?
13
Let m = -437 - -449. Suppose -3*g - 28 = -c, -2*c - 5*g + 4 = -19. Calculate the remainder when c is divided by m.
7
Let v = 17 + -9. Let l = 41 + -14. What is the remainder when l is divided by v?
3
Let c = 0 + 14. What is the remainder when 64 is divided by c?
8
What is the remainder when 54 is divided by (21/4)/(9/24)?
12
Let o = -6 - -9. Calculate the remainder when o + -24*(-6)/4 is divided by 20.
19
Suppose -374 = -6*b - 128. Calculate the remainder when b is divided by 14.
13
Let l(g) = g + 13. Calculate the remainder when 21 is divided by l(0).
8
Let y(n) = -n**3 + 4*n**2 + 5*n + 5. Calculate the remainder when 143 is divided by y(3).
27
Let x(k) = -k**2 - 5*k - 3. Let v be x(-3). Let y = v + -1. Let g = 3 + y. What is the remainder when 14 is divided by g?
4
Calculate the remainder when (8 - 0)*(-63)/(-18) is divided by 8.
4
Suppose -f = -2*f + 7. Let h(o) = 4*o - 3. What is the remainder when h(4) is divided by f?
6
Let p be ((-21)/9)/((-2)/(-6)). Let d = p + 13. Let w(z) = z**2 + 2*z - 4. Calculate the remainder when w(3) is divided by d.
5
Suppose 2*p - p + 26 = 2*j, 4*j + 5*p = 80. Suppose k + 4 = -y - 3*k, 5*k = 2*y - 31. Calculate the remainder when j is divided by y.
7
Let d = -107 + 117. What is the remainder when 17 is divided by d?
7
Suppose 61 = 3*m + 4*w, -4*m + 77 = -3*w + 4*w. Calculate the remainder when m is divided by (20 + 1)*(30/9 - 3).
5
Suppose -5*i = 3*g - 1 + 25, 2*g = 4*i + 6. Let c(o) = 3*o**2 + o + 4. Calculate the remainder when c(i) is divided by 10.
8
Suppose 7*q - 2*q = -15, -5*d = -q - 83. Suppose 0 = -l - 3*l + d. What is the remainder when 10 is divided by l?
2
Let n be (5 + -3)/((-2)/(-1)). Let w be (-1)/(-3) + n/(-3). Suppose -5*t + 4*q - 6 = 0, 3*t + 5*q = -w*t + 26. What is the remainder when t is divided by 2?
0
Suppose j + 4*j = 70. Calculate the remainder when 41 is divided by j.
13
Calculate the remainder when ((-6)/4)/((-9)/210) is divided by 18.
17
Let y = -48 - -74. Suppose 2*l = 4*a - l - 73, 3*a = 4*l + 53. Let i = -10 + a. Calculate the remainder when y is divided by i.
8
Let u be (-3)/(-2) + (-4)/8. Let w be 40/(u - (-2 + 2)). Suppose -3*z - z + w = 0. Calculate the remainder when 18 is divided by z.
8
Suppose q = 3 + 1. Suppose 37 = q*p - 23. What is the remainder when 27 is divided by p?
12
Suppose 0*w = 2*w. Calculate the remainder when 58 is divided by -2*(-3 - (7 - w)).
18
Let r(w) = -w**3 - 4*w**2 - w. Let b be r(-5). What is the remainder when 28 is divided by b/2 - (1 + -1)?
13
Suppose 3 = 2*p - 3. Suppose -5 - 4 = -p*g. Suppose -j = r - 53, -g*r + 58 + 93 = -5*j. What is the remainder when r is divided by 18?
16
Calculate the remainder when (-18 + -15)/(-1*1) is divided by 26.
7
Let g(q) = q + 16. Let r be g(-14). Let v(o) = 3*o**3 + o**2 + 3*o - 2. What is the remainder when v(r) is divided by 17?
15
Let u be (-38)/(-6) - (-2)/(-6). Let y = 0 + u. What is the remainder when 23 is divided by y?
5
Suppose 5*x - 4*x = 0. Suppose 4*m - 9 - 3 = x. Suppose -3*u + v + 2 = -13, 3*u - 9 = -v. Calculate the remainder when u is divided by m.
1
Let h be 1*2/(-4)*2. Calculate the remainder when 20 is divided by h + (-42)/(-3) + -2.
9
Suppose -8*h = -70 - 50. Calculate the remainder when 59 is divided by h.
14
Let q = 18 - 10. What is the remainder when 561/27 + (-2)/(-9) is divided by q?
5
Suppose 3*o - 7*q - 31 = -3*q, -35 = -3*o + 5*q. What is the remainder when o is divided by 1?
0
Let n(t) = -t**3 + 6*t**2 - 4*t - 5. Suppose -4*k + 36 + 44 = 0. What is the remainder when k is divided by n(4)?
9
Let c = 5 + -9. Let z = 6 - c. Calculate the remainder when 39 is divided by z.
9
Let y(w) = -4*w - 17. What is the remainder when 27 is divided by y(-6)?
6
Suppose -26 = -5*b + 4*a, 2*a - a + 6 = b. Let j = -12 + 17. Suppose 4*l + l = j. What is the remainder when b is divided by l?
0
Suppose 0 = 2*b - 6*b. Suppose b*v + 48 = -4*v - 4*z, 5*v - 4*z + 42 = 0. Let s = 14 + v. What is the remainder when 11 is divided by s?
3
Suppose -4*h - 44 = 4*p - 0*h, 0 = p - 5*h - 19. Suppose 8 = -5*v + 48. Let y = v + p. Calculate the remainder when 5 is divided by y.
1
Let u(o) be the first derivative of -o**3/3 + 2*o**2 + 3*o - 1. Calculate the remainder when -2*((-26)/7 + 8/(-28)) is divided by u(4).
2
Suppose -f = 2*b + 5 - 16, 0 = -2*f - b + 13. Suppose 4*l + 20 = -8. Let s = 1 - l. Calculate the remainder when s is divided by f.
3
Let u = -109 - -165. What is the remainder when 109 is divided by u?
53
Let p(k) = k**3 + 11*k**2 - 11*k + 24. Calculate the remainder when 31 is divided by p(-12).
7
Suppose 5*a + 3*p = 36, -3*a - 3*p - 11 = -35. Let x = a + -4. Suppose 4*z - 40 = -0*q - x*q, 0 = q + z - 18. Calculate the remainder when 30 is divided by q.
14
Suppose -2*p = 2*x - 16, p - 2*x - 1 = 22. Let v be -2 - (-3 + 1) - -5. Calculate the remainder when 2/v - (-246)/10 is divided by p.
12
What is the remainder when ((-32)/24)/((-4)/186) is divided by 21?
20
Calculate the remainder when -4 - (-3 + 3 + -98) is divided by 24.
22
Let s(n) = -8*n**3 - 4*n - 7. Calculate the remainder when s(-2) is divided by 17.
14
Let v(r) = r**2 - r - 4. Let l be v(5). Suppose 3*y - l - 2 = 0. Calculate the remainder when 23 is divided by y.
5
Let l(c) = c**3 - 12*c**2 +